{"id":3597,"date":"2017-09-14T09:16:52","date_gmt":"2017-09-14T08:16:52","guid":{"rendered":"http:\/\/balmardi.ch\/?page_id=3597"},"modified":"2025-07-16T15:52:44","modified_gmt":"2025-07-16T14:52:44","slug":"lac-noir-planfayon","status":"publish","type":"page","link":"https:\/\/balmardi.ch\/index.php\/lac-noir-planfayon\/","title":{"rendered":"Lac noir Planfayon"},"content":{"rendered":"<h3>Excursions dans la r\u00e9gion du Lac noir<\/h3>\n<p><a href=\"https:\/\/balmardi.ch\/index.php\/autour-de-planfayon-le-long-de-la-singine-05-04-2016-an-el-hu-ja-ma-mo-ni\/\">Autour de Planfayon le long de la Singine (24.06.2025: Jf Jm Ni; 05.04.2016: An El Hu Ja Ma Mo Ni)<\/a><\/p>\n<p><span class=\"item-title\"><a href=\"https:\/\/balmardi.ch\/index.php\/bregaschlund-en-montant-en-telepherique-29-08-2012-an-ed-el-hu-ni\/\" target=\"_blank\" rel=\"noopener\">Breccaschlund en montant en t\u00e9l\u00e9si\u00e8ge (18.07.2023: Al An Eo Jc Ni; 30.06.2020: An Ch Ja JC Ma Mo Ni Ox Xa; 29.08.2012: An Ed El Hu Ni)<\/a><\/span><\/p>\n<p><a href=\"https:\/\/balmardi.ch\/index.php\/lac-noir-col-du-chamois-19-10-2021-an-ja-jf3-ma-mo-mr-ni-xa-yv\/\">Lac Noir col du Chamois (19.10.2021: An Ja Jf(+3) Ma Mo Mr Ni Xa Yv)<\/a><\/p>\n<p><a href=\"http:\/\/balmardi.ch\/index.php\/lac-noir-hochmattli-15-08-2017-an-cl-hu-jf-ni-xa\/\">Lac Noir Hochmattli (15.08.2017: An Cl Hu Jf Ni Xa)<\/a><\/p>\n<p><a href=\"https:\/\/balmardi.ch\/index.php\/lac-noir-kaiseregg-ch-eo-gi-ja-ma-mi-mo-ni-yv\/\">Lac Noir Kaiseregg (09.08.2022: Ch Eo Gi Ja Ma Mi Mo Ni Yv)<\/a><\/p>\n<p><a href=\"http:\/\/balmardi.ch\/index.php\/lac-noir-la-patta-an-el-hu-ja-ma-hu\/\">Lac noir La Patta (9.6.2015: An El Ja Ma Ni Hu)<\/a><\/p>\n<p><a href=\"https:\/\/balmardi.ch\/index.php\/lac-noir-droite-mosli-attenberg-geissalpbrugg-2-voitures-02-06-2015-el-hu-ja-ma-ni-ro\/\">Lac Noir droite M\u00f6sli Attenberg Geissalpbr\u00fcgg (07.09.2021: El Hu Ja Jc Jf Ma Mi Mo Ni Xa Yv; 02.06.2015: El Hu Ja Ma Ni Ro)<\/a><\/p>\n<p><a href=\"https:\/\/balmardi.ch\/index.php\/161227_pfaffein-zollhaus-27-12-2016-an-cl-hu-jf-ma-ni-sy-ya-yo-yv-xa\/\">Pfaffein Zollhaus (26.07.2022, par Rufenen: Eo Ma Mo Ni Sy Yv; 27.12.2016: An Cd Hu Jf Ma Ni Sy Xa Ya Yo Yv)<\/a><\/p>\n<p><a href=\"https:\/\/balmardi.ch\/index.php\/plasselb-pfaffein-2-11-2016-el-hu-ja-jf-mo-ni-ro\/\">Plasselb Pfaffein (01.10.2024: Eo Gi Jf Jm Ma Mo Ni Sy Yv;2.11.2016: El Hu Ja Jf Mo Ni Ro)<\/a><\/p>\n<p><a href=\"https:\/\/balmardi.ch\/index.php\/plasselb-brunisried-berg-pfaffein-15-11-2022-eo-ja-jc-jm-mo-ni-ro-yv\/\">Plasselb Brunisried Berg Pfaffein (15.11.2022: Eo Ja Jc Jm Mo Ni Ro Yv)<\/a><\/p>\n<p><a href=\"https:\/\/balmardi.ch\/index.php\/180313_raquettes-lac-noir-schwyberg-13-03-2018-an-hu-ma-mo-ni-xa-yv-9640m-655m-3h25\/\">Raquettes Lac Noir Schwyberg (14.02.2023: El Gi Hu Ja JC Ma Mo Mr Ni Yo Yv; 13.03.2018: An Hu Ma Mo Ni Xa Yv)<\/a><\/p>\n<p><a href=\"https:\/\/balmardi.ch\/index.php\/raquettes-zollhaus-gurli-26-01-2021-ch-el-hu-ja-jf-ma-mi-mo-ni-ox-ro-xa-yv\/\">Raquettes Zollhaus Gurli (26.01.2021: Ch El Hu Ja Jf Ma Mi Mo Mr Ni Ox Ro Xa Yv)<\/a><\/p>\n<p><a href=\"https:\/\/balmardi.ch\/index.php\/schwarzsee-attenberg-15-07-2025-el-eo-gi-hu-jm-ma-ni-no-xa\/\">Schwarzsee Attenberg (15.07.2025: El Eo Gi Hu Jf+4 Jm Ma Ml Ni No Xa)<\/a><\/p>\n<p><a href=\"https:\/\/balmardi.ch\/index.php\/st-sylvstre-plasselb-23-07-2019-hu-mo-ni-xa-yv\/\">St-Sylvstre Plasselb (18.06.2024: Eo Hu Ja Jc Jf Ma Mi Mo Ni Ro Sy Yo Yv; 23.07.2019: Hu Mo Ni Xa Yv)<\/a><\/p>\n<p><a href=\"https:\/\/balmardi.ch\/index.php\/zollhaus-allmendli-23-08-2022-el-eo-hu-jf-ma-mo-mr3-ni\/\">Zollhaus Allmendli (23.08.2022: El Eo Hu Jf Ma Mo Mr+3 Ni)<\/a><\/p>\n\n","protected":false},"excerpt":{"rendered":"<p>Excursions dans la r\u00e9gion du Lac noir Autour de Planfayon le long de la Singine (24.06.2025: Jf Jm Ni; 05.04.2016: An El Hu Ja Ma Mo Ni) Breccaschlund en montant en t\u00e9l\u00e9si\u00e8ge (18.07.2023: Al An Eo Jc Ni; 30.06.2020: An Ch Ja JC Ma Mo Ni Ox Xa; 29.08.2012: An Ed El Hu Ni) Lac &hellip; <a href=\"https:\/\/balmardi.ch\/index.php\/lac-noir-planfayon\/\" class=\"more-link\">Continuer la lecture de <span class=\"screen-reader-text\">Lac noir Planfayon<\/span>  <span class=\"meta-nav\">&rarr;<\/span><\/a><\/p>\n","protected":false},"author":1,"featured_media":0,"parent":0,"menu_order":0,"comment_status":"closed","ping_status":"closed","template":"","meta":{"two_page_speed":[],"footnotes":""},"class_list":["post-3597","page","type-page","status-publish","hentry"],"_links":{"self":[{"href":"https:\/\/balmardi.ch\/index.php\/wp-json\/wp\/v2\/pages\/3597","targetHints":{"allow":["GET"]}}],"collection":[{"href":"https:\/\/balmardi.ch\/index.php\/wp-json\/wp\/v2\/pages"}],"about":[{"href":"https:\/\/balmardi.ch\/index.php\/wp-json\/wp\/v2\/types\/page"}],"author":[{"embeddable":true,"href":"https:\/\/balmardi.ch\/index.php\/wp-json\/wp\/v2\/users\/1"}],"replies":[{"embeddable":true,"href":"https:\/\/balmardi.ch\/index.php\/wp-json\/wp\/v2\/comments?post=3597"}],"version-history":[{"count":23,"href":"https:\/\/balmardi.ch\/index.php\/wp-json\/wp\/v2\/pages\/3597\/revisions"}],"predecessor-version":[{"id":11368,"href":"https:\/\/balmardi.ch\/index.php\/wp-json\/wp\/v2\/pages\/3597\/revisions\/11368"}],"wp:attachment":[{"href":"https:\/\/balmardi.ch\/index.php\/wp-json\/wp\/v2\/media?parent=3597"}],"curies":[{"name":"wp","href":"https:\/\/api.w.org\/{rel}","templated":true}]}}

<h3>Excursions dans la région du Lac noir</h3>
<p><a href="https://balmardi.ch/index.php/autour-de-planfayon-le-long-de-la-singine-05-04-2016-an-el-hu-ja-ma-mo-ni/">Autour de Planfayon le long de la Singine (24.06.2025: Jf Jm Ni; 05.04.2016: An El Hu Ja Ma Mo Ni)</a></p>
<p><span class="item-title"><a href="https://balmardi.ch/index.php/bregaschlund-en-montant-en-telepherique-29-08-2012-an-ed-el-hu-ni/" target="_blank" rel="noopener">Breccaschlund en montant en télésiège (18.07.2023: Al An Eo Jc Ni; 30.06.2020: An Ch Ja JC Ma Mo Ni Ox Xa; 29.08.2012: An Ed El Hu Ni)</a></span></p>
<p><a href="https://balmardi.ch/index.php/lac-noir-col-du-chamois-19-10-2021-an-ja-jf3-ma-mo-mr-ni-xa-yv/">Lac Noir col du Chamois (19.10.2021: An Ja Jf(+3) Ma Mo Mr Ni Xa Yv)</a></p>
<p><a href="http://balmardi.ch/index.php/lac-noir-hochmattli-15-08-2017-an-cl-hu-jf-ni-xa/">Lac Noir Hochmattli (15.08.2017: An Cl Hu Jf Ni Xa)</a></p>
<p><a href="https://balmardi.ch/index.php/lac-noir-kaiseregg-ch-eo-gi-ja-ma-mi-mo-ni-yv/">Lac Noir Kaiseregg (09.08.2022: Ch Eo Gi Ja Ma Mi Mo Ni Yv)</a></p>
<p><a href="http://balmardi.ch/index.php/lac-noir-la-patta-an-el-hu-ja-ma-hu/">Lac noir La Patta (9.6.2015: An El Ja Ma Ni Hu)</a></p>
<p><a href="https://balmardi.ch/index.php/lac-noir-droite-mosli-attenberg-geissalpbrugg-2-voitures-02-06-2015-el-hu-ja-ma-ni-ro/">Lac Noir droite Mösli Attenberg Geissalpbrügg (07.09.2021: El Hu Ja Jc Jf Ma Mi Mo Ni Xa Yv; 02.06.2015: El Hu Ja Ma Ni Ro)</a></p>
<p><a href="https://balmardi.ch/index.php/161227_pfaffein-zollhaus-27-12-2016-an-cl-hu-jf-ma-ni-sy-ya-yo-yv-xa/">Pfaffein Zollhaus (26.07.2022, par Rufenen: Eo Ma Mo Ni Sy Yv; 27.12.2016: An Cd Hu Jf Ma Ni Sy Xa Ya Yo Yv)</a></p>
<p><a href="https://balmardi.ch/index.php/plasselb-pfaffein-2-11-2016-el-hu-ja-jf-mo-ni-ro/">Plasselb Pfaffein (01.10.2024: Eo Gi Jf Jm Ma Mo Ni Sy Yv;2.11.2016: El Hu Ja Jf Mo Ni Ro)</a></p>
<p><a href="https://balmardi.ch/index.php/plasselb-brunisried-berg-pfaffein-15-11-2022-eo-ja-jc-jm-mo-ni-ro-yv/">Plasselb Brunisried Berg Pfaffein (15.11.2022: Eo Ja Jc Jm Mo Ni Ro Yv)</a></p>
<p><a href="https://balmardi.ch/index.php/180313_raquettes-lac-noir-schwyberg-13-03-2018-an-hu-ma-mo-ni-xa-yv-9640m-655m-3h25/">Raquettes Lac Noir Schwyberg (14.02.2023: El Gi Hu Ja JC Ma Mo Mr Ni Yo Yv; 13.03.2018: An Hu Ma Mo Ni Xa Yv)</a></p>
<p><a href="https://balmardi.ch/index.php/raquettes-zollhaus-gurli-26-01-2021-ch-el-hu-ja-jf-ma-mi-mo-ni-ox-ro-xa-yv/">Raquettes Zollhaus Gurli (26.01.2021: Ch El Hu Ja Jf Ma Mi Mo Mr Ni Ox Ro Xa Yv)</a></p>
<p><a href="https://balmardi.ch/index.php/schwarzsee-attenberg-15-07-2025-el-eo-gi-hu-jm-ma-ni-no-xa/">Schwarzsee Attenberg (15.07.2025: El Eo Gi Hu Jf+4 Jm Ma Ml Ni No Xa)</a></p>
<p><a href="https://balmardi.ch/index.php/st-sylvstre-plasselb-23-07-2019-hu-mo-ni-xa-yv/">St-Sylvstre Plasselb (18.06.2024: Eo Hu Ja Jc Jf Ma Mi Mo Ni Ro Sy Yo Yv; 23.07.2019: Hu Mo Ni Xa Yv)</a></p>
<p><a href="https://balmardi.ch/index.php/zollhaus-allmendli-23-08-2022-el-eo-hu-jf-ma-mo-mr3-ni/">Zollhaus Allmendli (23.08.2022: El Eo Hu Jf Ma Mo Mr+3 Ni)</a></p>

<p>Excursions dans la région du Lac noir Autour de Planfayon le long de la Singine (24.06.2025: Jf Jm Ni; 05.04.2016: An El Hu Ja Ma Mo Ni) Breccaschlund en montant en télésiège (18.07.2023: Al An Eo Jc Ni; 30.06.2020: An Ch Ja JC Ma Mo Ni Ox Xa; 29.08.2012: An Ed El Hu Ni) Lac &hellip; <a href="https://balmardi.ch/index.php/lac-noir-planfayon/" class="more-link">Continuer la lecture de <span class="screen-reader-text">Lac noir Planfayon</span>  <span class="meta-nav">&rarr;</span></a></p>
