{"id":3527,"date":"2017-09-13T10:23:08","date_gmt":"2017-09-13T09:23:08","guid":{"rendered":"http:\/\/balmardi.ch\/?page_id=3527"},"modified":"2017-09-13T12:39:50","modified_gmt":"2017-09-13T11:39:50","slug":"vallee-du-motelon","status":"publish","type":"page","link":"https:\/\/balmardi.ch\/index.php\/vallee-du-motelon\/","title":{"rendered":"Vall\u00e9e du Mot\u00e9lon"},"content":{"rendered":"<h3>Excursion dans la vall\u00e9e du Mot\u00e9lon<\/h3>\n<p><a href=\"http:\/\/balmardi.ch\/index.php\/tissiniva-motelon-06-09-2016-hu-jf-mo-ni\/\">Tissiniva Motelon (06.09.2016: Hu Jf Mo Ni)<\/a><\/p>\n<p><a href=\"http:\/\/balmardi.ch\/index.php\/la-dent-du-chamois-22-08-2017-an-cl-hu-jf-ni\/\">La Dent du Chamois (22.08.2017: An Cl Hu Jf Ni)<\/a><\/p>\n<p><a href=\"http:\/\/balmardi.ch\/index.php\/dent-de-bourgot-13-08-2013-ed-el-hu-ma-ml-ni-xa-yv\/\">Dent de Bourgot (13.08.2013: Ed El Hu Ma Ml Ni Xa Yv)<\/a><\/p>\n<p>&nbsp;<\/p>\n","protected":false},"excerpt":{"rendered":"<p>Excursion dans la vall\u00e9e du Mot\u00e9lon Tissiniva Motelon (06.09.2016: Hu Jf Mo Ni) La Dent du Chamois (22.08.2017: An Cl Hu Jf Ni) Dent de Bourgot (13.08.2013: Ed El Hu Ma Ml Ni Xa Yv) &nbsp;<\/p>\n","protected":false},"author":1,"featured_media":0,"parent":0,"menu_order":0,"comment_status":"closed","ping_status":"closed","template":"","meta":{"two_page_speed":[],"footnotes":""},"class_list":["post-3527","page","type-page","status-publish","hentry"],"_links":{"self":[{"href":"https:\/\/balmardi.ch\/index.php\/wp-json\/wp\/v2\/pages\/3527","targetHints":{"allow":["GET"]}}],"collection":[{"href":"https:\/\/balmardi.ch\/index.php\/wp-json\/wp\/v2\/pages"}],"about":[{"href":"https:\/\/balmardi.ch\/index.php\/wp-json\/wp\/v2\/types\/page"}],"author":[{"embeddable":true,"href":"https:\/\/balmardi.ch\/index.php\/wp-json\/wp\/v2\/users\/1"}],"replies":[{"embeddable":true,"href":"https:\/\/balmardi.ch\/index.php\/wp-json\/wp\/v2\/comments?post=3527"}],"version-history":[{"count":3,"href":"https:\/\/balmardi.ch\/index.php\/wp-json\/wp\/v2\/pages\/3527\/revisions"}],"predecessor-version":[{"id":3532,"href":"https:\/\/balmardi.ch\/index.php\/wp-json\/wp\/v2\/pages\/3527\/revisions\/3532"}],"wp:attachment":[{"href":"https:\/\/balmardi.ch\/index.php\/wp-json\/wp\/v2\/media?parent=3527"}],"curies":[{"name":"wp","href":"https:\/\/api.w.org\/{rel}","templated":true}]}}

Vallée du Motélon

<h3>Excursion dans la vallée du Motélon</h3>
<p><a href="http://balmardi.ch/index.php/tissiniva-motelon-06-09-2016-hu-jf-mo-ni/">Tissiniva Motelon (06.09.2016: Hu Jf Mo Ni)</a></p>
<p><a href="http://balmardi.ch/index.php/la-dent-du-chamois-22-08-2017-an-cl-hu-jf-ni/">La Dent du Chamois (22.08.2017: An Cl Hu Jf Ni)</a></p>
<p><a href="http://balmardi.ch/index.php/dent-de-bourgot-13-08-2013-ed-el-hu-ma-ml-ni-xa-yv/">Dent de Bourgot (13.08.2013: Ed El Hu Ma Ml Ni Xa Yv)</a></p>
<p>&nbsp;</p>

<p>Excursion dans la vallée du Motélon Tissiniva Motelon (06.09.2016: Hu Jf Mo Ni) La Dent du Chamois (22.08.2017: An Cl Hu Jf Ni) Dent de Bourgot (13.08.2013: Ed El Hu Ma Ml Ni Xa Yv) &nbsp;</p>
