{"id":3500,"date":"2017-09-07T08:41:21","date_gmt":"2017-09-07T07:41:21","guid":{"rendered":"http:\/\/balmardi.ch\/?page_id=3500"},"modified":"2025-12-31T15:36:27","modified_gmt":"2025-12-31T14:36:27","slug":"vallee-de-la-jogne","status":"publish","type":"page","link":"https:\/\/balmardi.ch\/index.php\/vallee-de-la-jogne\/","title":{"rendered":"Vall\u00e9e de la Jogne"},"content":{"rendered":"<h3>Parcours dans la vall\u00e9e de la Jogne<\/h3>\n<p><a href=\"http:\/\/balmardi.ch\/index.php\/brenleire-03-08-2016-hu-xa-yv-xx\/\">Brenleire (03.08.2016: Hu Xa Yv Invph)<\/a><\/p>\n<p><a href=\"http:\/\/balmardi.ch\/index.php\/broc-tour-de-04-02-2020-an-el-ja-ma-mo-ni-xa\/\">Broc tour de (04.02.2020: An El Ja Jf Ma Mo Ni Xa)<\/a><\/p>\n<p><a href=\"http:\/\/balmardi.ch\/index.php\/broc-pre-de-joux-barrage-chatel-montsalvens-09-08-2016-el-hu-jf-ma-mo-ni-ro-yv\/\">Broc Pr\u00e9 de joux barrage Ch\u00e2tel-Montsalvens (09.08.2016: El Hu Jf Ma Mo Ni Ro Yv)<\/a><\/p>\n<p><a href=\"https:\/\/balmardi.ch\/\">Broc lac barrage de Montsalvens Botterens (19.12. 2023: An Gi Ja Jc Jf Mo Ni Ro)<\/a><\/p>\n<p><a href=\"http:\/\/balmardi.ch\/index.php\/cerniat_bife-vanil-des-cours-23-07-2013-hu-ma-ni\/\">Cerniat_Bif\u00e9 Vanil des cours (10.11.2015: An El Ja Ma Ni Ro; 23.07.2013: Hu Mo Ni)<\/a><\/p>\n<p><a href=\"http:\/\/balmardi.ch\/index.php\/charmey-les-plans-bonnefontaine-25-06-2019-ja-ni-xa-yv-rostik\/\"><span class=\"item-title\">Charmey Les Plans Bonnefontaine (25.06.2019: Ja Ni Xa Yv Rostik)<\/span><\/a><\/p>\n<p><a href=\"http:\/\/balmardi.ch\/index.php\/charmey-pont-du-roc-bovatey-praz-jean-11-09-2018-el-hu-ma-mo-ni-yv\/\">Charmey Pont du Roc Bovatey Praz-Jean (11.09.2018: El Hu Ma Mo Ni Yv)<\/a><\/p>\n<p><a href=\"http:\/\/balmardi.ch\/index.php\/charmey-les-reposoirs-27-06-2017-an-ca-hu-ja-jf-ma-mo-ni-xa\/\">Charmey les Reposoirs (27.06.2017: An Cl Hu Ja Jf Ma Mo Ni Xa)<\/a><\/p>\n<p><a href=\"http:\/\/balmardi.ch\/index.php\/charmey-vanil-de-la-monse-vallee-du-motelon-10-06-2014-el-hu-ma-mo-ni\/\">Charmey vanil de la Monse vall\u00e9e du Mot\u00e9lon (26.05.2020: Ch El Ja Ma Mo Ni Ox Yv; 10.06.2014: El Hu Ma Mo Ni)<\/a><\/p>\n<p><a href=\"https:\/\/balmardi.ch\/\">Charmey Vounetse (12.09.2023 les Arses: El Hu Ja Jc Jf Jm Ma Mo Ni Yv; 24.09.2013: An Ed Hu Ni Ro)<\/a><\/p>\n<p><a href=\"https:\/\/balmardi.ch\/index.php\/chatel-sur-montsalvens-cresus-gros-mont-16-09-2014-hu-ma-mo-ni-ro\/\">Chatel-sur-Montsalvens Cr\u00e9sus Gros Mont (31.08.2021: Hu Ja Jc Jf Ma Mi Mo Ni Ox Xa Yu Yv; 16.09.2014: Hu Ma Mo Ni Ro)<\/a><\/p>\n<p><a href=\"http:\/\/balmardi.ch\/index.php\/gorges-de-la-jogne-cresuz-22-09-2020-an-hu-jf-ni-ox-yv\/\">Gorges de la Jogne Cresuz (22.09.2020: An Hu Jf Ni Ox Yv)<\/a><\/p>\n<p><a href=\"http:\/\/balmardi.ch\/index.php\/hochmatt-07-08-2012-hu-ni-xa\/\">Hochmatt (07.08.2012: Hu Ni Xa)<\/a><\/p>\n<p><a href=\"http:\/\/balmardi.ch\/index.php\/imfang-jaun-el-hu-ja-ma-mo-ni-sy-xa-yv\/\">Im Fang Jaun (21.08.2018: El Hu Ja Ma Mo Ni Sy Xa Yv)<\/a><\/p>\n<p><a href=\"https:\/\/balmardi.ch\/\">La Valsainte Alli\u00e8re (06.08.2024: Ch Eo Gi Ma Mi Mo Ni No Ro VV+2 Xa Yo Yv)<\/a><\/p>\n<p><a href=\"https:\/\/balmardi.ch\/index.php\/raquettes-la-valsainte-la-scie-14-12-2021-ja-ma-mo-ni-ro-xa-yo\/\" target=\"_blank\" rel=\"noopener\">La Valsainte (251230: Hu Jm Ma Mo Ni Sy Xa) Raquettes La Valsainte la Scie (14.12.2021: Ja Ma Mo Ni Ro Xa Yo)<\/a><\/p>\n<p><a href=\"http:\/\/balmardi.ch\/index.php\/tour-des-gastlosen-par-chli-sattel-02-07-2013-an-ed-hu-ni-ro\/\">Tour des Gastlosen par chli Sattel (02.07.2013: An Ed Hu Ni Ro)<\/a><\/p>\n<p><a href=\"http:\/\/balmardi.ch\/index.php\/valsainte-auta-chia-23-09-2014-hu-ni-ro\/\">Valsainte Auta Chia (07.07.2020: An Ch El Ma Mo Ni Ox Xa; 23.09.2014: Hu Ni Ro)<\/a><\/p>\n","protected":false},"excerpt":{"rendered":"<p>Parcours dans la vall\u00e9e de la Jogne Brenleire (03.08.2016: Hu Xa Yv Invph) Broc tour de (04.02.2020: An El Ja Jf Ma Mo Ni Xa) Broc Pr\u00e9 de joux barrage Ch\u00e2tel-Montsalvens (09.08.2016: El Hu Jf Ma Mo Ni Ro Yv) Broc lac barrage de Montsalvens Botterens (19.12. 2023: An Gi Ja Jc Jf Mo Ni &hellip; <a href=\"https:\/\/balmardi.ch\/index.php\/vallee-de-la-jogne\/\" class=\"more-link\">Continuer la lecture de <span class=\"screen-reader-text\">Vall\u00e9e de la Jogne<\/span>  <span class=\"meta-nav\">&rarr;<\/span><\/a><\/p>\n","protected":false},"author":1,"featured_media":0,"parent":0,"menu_order":0,"comment_status":"closed","ping_status":"closed","template":"","meta":{"two_page_speed":[],"footnotes":""},"class_list":["post-3500","page","type-page","status-publish","hentry"],"_links":{"self":[{"href":"https:\/\/balmardi.ch\/index.php\/wp-json\/wp\/v2\/pages\/3500","targetHints":{"allow":["GET"]}}],"collection":[{"href":"https:\/\/balmardi.ch\/index.php\/wp-json\/wp\/v2\/pages"}],"about":[{"href":"https:\/\/balmardi.ch\/index.php\/wp-json\/wp\/v2\/types\/page"}],"author":[{"embeddable":true,"href":"https:\/\/balmardi.ch\/index.php\/wp-json\/wp\/v2\/users\/1"}],"replies":[{"embeddable":true,"href":"https:\/\/balmardi.ch\/index.php\/wp-json\/wp\/v2\/comments?post=3500"}],"version-history":[{"count":17,"href":"https:\/\/balmardi.ch\/index.php\/wp-json\/wp\/v2\/pages\/3500\/revisions"}],"predecessor-version":[{"id":11650,"href":"https:\/\/balmardi.ch\/index.php\/wp-json\/wp\/v2\/pages\/3500\/revisions\/11650"}],"wp:attachment":[{"href":"https:\/\/balmardi.ch\/index.php\/wp-json\/wp\/v2\/media?parent=3500"}],"curies":[{"name":"wp","href":"https:\/\/api.w.org\/{rel}","templated":true}]}}

Vallée de la Jogne

<h3>Parcours dans la vallée de la Jogne</h3>
<p><a href="http://balmardi.ch/index.php/brenleire-03-08-2016-hu-xa-yv-xx/">Brenleire (03.08.2016: Hu Xa Yv Invph)</a></p>
<p><a href="http://balmardi.ch/index.php/broc-tour-de-04-02-2020-an-el-ja-ma-mo-ni-xa/">Broc tour de (04.02.2020: An El Ja Jf Ma Mo Ni Xa)</a></p>
<p><a href="http://balmardi.ch/index.php/broc-pre-de-joux-barrage-chatel-montsalvens-09-08-2016-el-hu-jf-ma-mo-ni-ro-yv/">Broc Pré de joux barrage Châtel-Montsalvens (09.08.2016: El Hu Jf Ma Mo Ni Ro Yv)</a></p>
<p><a href="https://balmardi.ch/">Broc lac barrage de Montsalvens Botterens (19.12. 2023: An Gi Ja Jc Jf Mo Ni Ro)</a></p>
<p><a href="http://balmardi.ch/index.php/cerniat_bife-vanil-des-cours-23-07-2013-hu-ma-ni/">Cerniat_Bifé Vanil des cours (10.11.2015: An El Ja Ma Ni Ro; 23.07.2013: Hu Mo Ni)</a></p>
<p><a href="http://balmardi.ch/index.php/charmey-les-plans-bonnefontaine-25-06-2019-ja-ni-xa-yv-rostik/"><span class="item-title">Charmey Les Plans Bonnefontaine (25.06.2019: Ja Ni Xa Yv Rostik)</span></a></p>
<p><a href="http://balmardi.ch/index.php/charmey-pont-du-roc-bovatey-praz-jean-11-09-2018-el-hu-ma-mo-ni-yv/">Charmey Pont du Roc Bovatey Praz-Jean (11.09.2018: El Hu Ma Mo Ni Yv)</a></p>
<p><a href="http://balmardi.ch/index.php/charmey-les-reposoirs-27-06-2017-an-ca-hu-ja-jf-ma-mo-ni-xa/">Charmey les Reposoirs (27.06.2017: An Cl Hu Ja Jf Ma Mo Ni Xa)</a></p>
<p><a href="http://balmardi.ch/index.php/charmey-vanil-de-la-monse-vallee-du-motelon-10-06-2014-el-hu-ma-mo-ni/">Charmey vanil de la Monse vallée du Motélon (26.05.2020: Ch El Ja Ma Mo Ni Ox Yv; 10.06.2014: El Hu Ma Mo Ni)</a></p>
<p><a href="https://balmardi.ch/">Charmey Vounetse (12.09.2023 les Arses: El Hu Ja Jc Jf Jm Ma Mo Ni Yv; 24.09.2013: An Ed Hu Ni Ro)</a></p>
<p><a href="https://balmardi.ch/index.php/chatel-sur-montsalvens-cresus-gros-mont-16-09-2014-hu-ma-mo-ni-ro/">Chatel-sur-Montsalvens Crésus Gros Mont (31.08.2021: Hu Ja Jc Jf Ma Mi Mo Ni Ox Xa Yu Yv; 16.09.2014: Hu Ma Mo Ni Ro)</a></p>
<p><a href="http://balmardi.ch/index.php/gorges-de-la-jogne-cresuz-22-09-2020-an-hu-jf-ni-ox-yv/">Gorges de la Jogne Cresuz (22.09.2020: An Hu Jf Ni Ox Yv)</a></p>
<p><a href="http://balmardi.ch/index.php/hochmatt-07-08-2012-hu-ni-xa/">Hochmatt (07.08.2012: Hu Ni Xa)</a></p>
<p><a href="http://balmardi.ch/index.php/imfang-jaun-el-hu-ja-ma-mo-ni-sy-xa-yv/">Im Fang Jaun (21.08.2018: El Hu Ja Ma Mo Ni Sy Xa Yv)</a></p>
<p><a href="https://balmardi.ch/">La Valsainte Allière (06.08.2024: Ch Eo Gi Ma Mi Mo Ni No Ro VV+2 Xa Yo Yv)</a></p>
<p><a href="https://balmardi.ch/index.php/raquettes-la-valsainte-la-scie-14-12-2021-ja-ma-mo-ni-ro-xa-yo/" target="_blank" rel="noopener">La Valsainte (251230: Hu Jm Ma Mo Ni Sy Xa) Raquettes La Valsainte la Scie (14.12.2021: Ja Ma Mo Ni Ro Xa Yo)</a></p>
<p><a href="http://balmardi.ch/index.php/tour-des-gastlosen-par-chli-sattel-02-07-2013-an-ed-hu-ni-ro/">Tour des Gastlosen par chli Sattel (02.07.2013: An Ed Hu Ni Ro)</a></p>
<p><a href="http://balmardi.ch/index.php/valsainte-auta-chia-23-09-2014-hu-ni-ro/">Valsainte Auta Chia (07.07.2020: An Ch El Ma Mo Ni Ox Xa; 23.09.2014: Hu Ni Ro)</a></p>

<p>Parcours dans la vallée de la Jogne Brenleire (03.08.2016: Hu Xa Yv Invph) Broc tour de (04.02.2020: An El Ja Jf Ma Mo Ni Xa) Broc Pré de joux barrage Châtel-Montsalvens (09.08.2016: El Hu Jf Ma Mo Ni Ro Yv) Broc lac barrage de Montsalvens Botterens (19.12. 2023: An Gi Ja Jc Jf Mo Ni &hellip; <a href="https://balmardi.ch/index.php/vallee-de-la-jogne/" class="more-link">Continuer la lecture de <span class="screen-reader-text">Vallée de la Jogne</span>  <span class="meta-nav">&rarr;</span></a></p>
