{"id":10394,"date":"2024-03-13T13:49:00","date_gmt":"2024-03-13T12:49:00","guid":{"rendered":"https:\/\/balmardi.ch\/?page_id=10394"},"modified":"2024-03-14T14:39:13","modified_gmt":"2024-03-14T13:39:13","slug":"corminboeuf-belfaux-givisiez-13-03-2024-eo-ja-ma-mi-mo-ni","status":"publish","type":"page","link":"https:\/\/balmardi.ch\/index.php\/corminboeuf-belfaux-givisiez-13-03-2024-eo-ja-ma-mi-mo-ni\/","title":{"rendered":"Corminboeuf Belfaux Givisiez (13.03.2024: Eo Ja Ma Mi Mo Ni)"},"content":{"rendered":"\n<h3 style=\"text-align: center;\"><a href=\"https:\/\/map.schweizmobil.ch\/?lang=fr&amp;bgLayer=pk&amp;resolution=16.48&amp;E=2574440&amp;N=1185621&amp;photos=yes&amp;logo=yes&amp;season=summer&amp;detours=yes&amp;trackId=34909252\" target=\"_blank\" rel=\"noopener\">Corminboeuf Belfaux Givisiez<\/a><\/h3>\n<p style=\"text-align: center;\">Distance: 16500m D\u00e9nivellation: 425m Dur\u00e9e: 4h16<br>Photos du 13 mars 2024:<\/p>\n<style id=\"bwg-style-0\">    #bwg_container1_0 #bwg_container2_0 .bwg-container-0.bwg-standard-thumbnails {      width: 454px;              justify-content: center;        margin:0 auto !important;              background-color: rgba(255, 255, 255, 0.00);            padding-left: 4px;      padding-top: 4px;      max-width: 100%;            }        #bwg_container1_0 #bwg_container2_0 .bwg-container-0.bwg-standard-thumbnails .bwg-item {    justify-content: flex-start;      max-width: 90px;            width: 90px !important;          }    #bwg_container1_0 #bwg_container2_0 .bwg-container-0.bwg-standard-thumbnails .bwg-item a {       margin-right: 4px;       margin-bottom: 4px;    }    #bwg_container1_0 #bwg_container2_0 .bwg-container-0.bwg-standard-thumbnails .bwg-item0 {      padding: 0px;            background-color:rgba(255,255,255, 0.30);      border: 0px none #CCCCCC;      opacity: 1.00;      border-radius: 0;      box-shadow: 0px 0px 0px #888888;    }    #bwg_container1_0 #bwg_container2_0 .bwg-container-0.bwg-standard-thumbnails .bwg-item1 img {      max-height: none;      max-width: none;      padding: 0 !important;    }        @media only screen and (min-width: 480px) {      #bwg_container1_0 #bwg_container2_0 .bwg-container-0.bwg-standard-thumbnails .bwg-item0 {        transition: all 0.3s ease 0s;-webkit-transition: all 0.3s ease 0s;      }      #bwg_container1_0 #bwg_container2_0 .bwg-container-0.bwg-standard-thumbnails .bwg-item0:hover {        -ms-transform: scale(1.1);        -webkit-transform: scale(1.1);        transform: scale(1.1);      }    }          #bwg_container1_0 #bwg_container2_0 .bwg-container-0.bwg-standard-thumbnails .bwg-item1 {      padding-top: 50%;    }        #bwg_container1_0 #bwg_container2_0 .bwg-container-0.bwg-standard-thumbnails .bwg-title1 {      position: absolute;      top: 0;      z-index: 100;      width: 100%;      height: 100%;      display: flex;      justify-content: center;      align-content: center;      flex-direction: column;      opacity: 0;    }\t      #bwg_container1_0 #bwg_container2_0 .bwg-container-0.bwg-standard-thumbnails .bwg-title2,    #bwg_container1_0 #bwg_container2_0 .bwg-container-0.bwg-standard-thumbnails .bwg-ecommerce2 {      color: #FFFFFF;      font-family: segoe ui;      font-size: 16px;      font-weight: bold;      padding: 2px;      text-shadow: 0px 0px 0px #888888;      max-height: 100%;    }    #bwg_container1_0 #bwg_container2_0 .bwg-container-0.bwg-standard-thumbnails .bwg-thumb-description span {    color: #323A45;    font-family: Ubuntu;    font-size: 12px;    max-height: 100%;    word-wrap: break-word;    }    #bwg_container1_0 #bwg_container2_0 .bwg-container-0.bwg-standard-thumbnails .bwg-play-icon2 {      font-size: 32px;    }    #bwg_container1_0 #bwg_container2_0 .bwg-container-0.bwg-standard-thumbnails .bwg-ecommerce2 {      font-size: 19.2px;      color: #CCCCCC;    }    <\/style>    <div id=\"bwg_container1_0\"         class=\"bwg_container bwg_thumbnail bwg_thumbnails \"         data-right-click-protection=\"0\"         data-bwg=\"0\"         data-scroll=\"0\"         data-gallery-type=\"thumbnails\"         data-gallery-view-type=\"thumbnails\"         data-current-url=\"\/index.php\/wp-json\/wp\/v2\/pages\/10394\"         data-lightbox-url=\"https:\/\/balmardi.ch\/wp-admin\/admin-ajax.php?action=GalleryBox&#038;current_view=0&#038;gallery_id=677&#038;tag=0&#038;theme_id=1&#038;shortcode_id=1278&#038;sort_by=order&#038;order_by=asc&#038;current_url=%2Findex.php%2Fwp-json%2Fwp%2Fv2%2Fpages%2F10394\"         data-gallery-id=\"677\"         data-popup-width=\"800\"         data-popup-height=\"500\"         data-is-album=\"gallery\"         data-buttons-position=\"bottom\">      <div id=\"bwg_container2_0\">             <div id=\"ajax_loading_0\" class=\"bwg_loading_div_1\">      <div class=\"bwg_loading_div_2\">        <div class=\"bwg_loading_div_3\">          <div id=\"loading_div_0\" class=\"bwg_spider_ajax_loading\">          <\/div>        <\/div>      <\/div>    <\/div>            <form id=\"gal_front_form_0\"              class=\"bwg-hidden\"              method=\"post\"              action=\"#\"              data-current=\"0\"              data-shortcode-id=\"1278\"              data-gallery-type=\"thumbnails\"              data-gallery-id=\"677\"              data-tag=\"0\"              data-album-id=\"0\"              data-theme-id=\"1\"              data-ajax-url=\"https:\/\/balmardi.ch\/wp-admin\/admin-ajax.php?action=bwg_frontend_data\">          <div id=\"bwg_container3_0\" class=\"bwg-background bwg-background-0\">                <div data-max-count=\"5\"         data-thumbnail-width=\"90\"         data-bwg=\"0\"         data-gallery-id=\"677\"         data-lightbox-url=\"https:\/\/balmardi.ch\/wp-admin\/admin-ajax.php?action=GalleryBox&amp;current_view=0&amp;gallery_id=677&amp;tag=0&amp;theme_id=1&amp;shortcode_id=1278&amp;sort_by=order&amp;order_by=asc&amp;current_url=%2Findex.php%2Fwp-json%2Fwp%2Fv2%2Fpages%2F10394\"         id=\"bwg_thumbnails_0\"         class=\"bwg-container-0 bwg-thumbnails bwg-standard-thumbnails bwg-container bwg-border-box\">            <div class=\"bwg-item\">        <a class=\"bwg-a  bwg_lightbox\"  data-image-id=\"18722\" href=\"https:\/\/balmardi.ch\/wp-content\/uploads\/photo-gallery\/20240313_131544.jpg?bwg=1710422689\" data-elementor-open-lightbox=\"no\">                <div class=\"bwg-item0 \">          <div class=\"bwg-item1 \">            <div class=\"bwg-item2\">              <img decoding=\"async\" class=\"skip-lazy bwg_standart_thumb_img_0 \"                   data-id=\"18722\"                   data-width=\"300.00\"                   data-height=\"300.00\"                   data-src=\"https:\/\/balmardi.ch\/wp-content\/uploads\/photo-gallery\/thumb\/20240313_131544.jpg?bwg=1710422689\"                   src=\"https:\/\/balmardi.ch\/wp-content\/uploads\/photo-gallery\/thumb\/20240313_131544.jpg?bwg=1710422689\"                   alt=\"R\u00e9union au\"                   title=\"R\u00e9union au\" \/>            <\/div>            <div class=\"\">              <div class=\"bwg-title1\"><div class=\"bwg-title2\">R\u00e9union au<\/div><\/div>                                        <\/div>          <\/div>        <\/div>                        <\/a>              <\/div>            <div class=\"bwg-item\">        <a class=\"bwg-a  bwg_lightbox\"  data-image-id=\"18723\" href=\"https:\/\/balmardi.ch\/wp-content\/uploads\/photo-gallery\/20240313_131513.jpg?bwg=1710422689\" data-elementor-open-lightbox=\"no\">                <div class=\"bwg-item0 \">          <div class=\"bwg-item1 \">            <div class=\"bwg-item2\">              <img decoding=\"async\" class=\"skip-lazy bwg_standart_thumb_img_0 \"                   data-id=\"18723\"                   data-width=\"300.00\"                   data-height=\"300.00\"                   data-src=\"https:\/\/balmardi.ch\/wp-content\/uploads\/photo-gallery\/thumb\/20240313_131513.jpg?bwg=1710422689\"                   src=\"https:\/\/balmardi.ch\/wp-content\/uploads\/photo-gallery\/thumb\/20240313_131513.jpg?bwg=1710422689\"                   alt=\"Village-Suisse - Corminboeuf\"                   title=\"Village-Suisse - Corminboeuf\" \/>            <\/div>            <div class=\"\">              <div class=\"bwg-title1\"><div class=\"bwg-title2\">Village-Suisse - Corminboeuf<\/div><\/div>                                        <\/div>          <\/div>        <\/div>                        <\/a>              <\/div>            <div class=\"bwg-item\">        <a class=\"bwg-a  bwg_lightbox\"  data-image-id=\"18724\" href=\"https:\/\/balmardi.ch\/wp-content\/uploads\/photo-gallery\/20240313_144812.jpg?bwg=1710422689\" data-elementor-open-lightbox=\"no\">                <div class=\"bwg-item0 \">          <div class=\"bwg-item1 \">            <div class=\"bwg-item2\">              <img decoding=\"async\" class=\"skip-lazy bwg_standart_thumb_img_0 \"                   data-id=\"18724\"                   data-width=\"300.00\"                   data-height=\"300.00\"                   data-src=\"https:\/\/balmardi.ch\/wp-content\/uploads\/photo-gallery\/thumb\/20240313_144812.jpg?bwg=1710422689\"                   src=\"https:\/\/balmardi.ch\/wp-content\/uploads\/photo-gallery\/thumb\/20240313_144812.jpg?bwg=1710422689\"                   alt=\"Le lac de Formangueires\"                   title=\"Le lac de Formangueires\" \/>            <\/div>            <div class=\"\">              <div class=\"bwg-title1\"><div class=\"bwg-title2\">Le lac de Formangueires<\/div><\/div>                                        <\/div>          <\/div>        <\/div>                        <\/a>              <\/div>            <div class=\"bwg-item\">        <a class=\"bwg-a  bwg_lightbox\"  data-image-id=\"18725\" href=\"https:\/\/balmardi.ch\/wp-content\/uploads\/photo-gallery\/20240313_144817.jpg?bwg=1710422689\" data-elementor-open-lightbox=\"no\">                <div class=\"bwg-item0 \">          <div class=\"bwg-item1 \">            <div class=\"bwg-item2\">              <img decoding=\"async\" class=\"skip-lazy bwg_standart_thumb_img_0 \"                   data-id=\"18725\"                   data-width=\"300.00\"                   data-height=\"300.00\"                   data-src=\"https:\/\/balmardi.ch\/wp-content\/uploads\/photo-gallery\/thumb\/20240313_144817.jpg?bwg=1710422689\"                   src=\"https:\/\/balmardi.ch\/wp-content\/uploads\/photo-gallery\/thumb\/20240313_144817.jpg?bwg=1710422689\"                   alt=\" que vous ne connaissez bien s\u00fbr pas ...\"                   title=\" que vous ne connaissez bien s\u00fbr pas ...\" \/>            <\/div>            <div class=\"\">              <div class=\"bwg-title1\"><div class=\"bwg-title2\"> que vous ne connaissez bien s\u00fbr pas ...<\/div><\/div>                                        <\/div>          <\/div>        <\/div>                        <\/a>              <\/div>            <div class=\"bwg-item\">        <a class=\"bwg-a  bwg_lightbox\"  data-image-id=\"18721\" href=\"https:\/\/balmardi.ch\/wp-content\/uploads\/photo-gallery\/20240313_151444.jpg?bwg=1710422689\" data-elementor-open-lightbox=\"no\">                <div class=\"bwg-item0 \">          <div class=\"bwg-item1 \">            <div class=\"bwg-item2\">              <img decoding=\"async\" class=\"skip-lazy bwg_standart_thumb_img_0 \"                   data-id=\"18721\"                   data-width=\"300.00\"                   data-height=\"300.00\"                   data-src=\"https:\/\/balmardi.ch\/wp-content\/uploads\/photo-gallery\/thumb\/20240313_151444.jpg?bwg=1710422689\"                   src=\"https:\/\/balmardi.ch\/wp-content\/uploads\/photo-gallery\/thumb\/20240313_151444.jpg?bwg=1710422689\"                   alt=\"La chapelle de la Corbaz avec\"                   title=\"La chapelle de la Corbaz avec\" \/>            <\/div>            <div class=\"\">              <div class=\"bwg-title1\"><div class=\"bwg-title2\">La chapelle de la Corbaz avec<\/div><\/div>                                        <\/div>          <\/div>        <\/div>                        <\/a>              <\/div>            <div class=\"bwg-item\">        <a class=\"bwg-a  bwg_lightbox\"  data-image-id=\"18726\" href=\"https:\/\/balmardi.ch\/wp-content\/uploads\/photo-gallery\/20240313_151655.jpg?bwg=1710422689\" data-elementor-open-lightbox=\"no\">                <div class=\"bwg-item0 \">          <div class=\"bwg-item1 \">            <div class=\"bwg-item2\">              <img decoding=\"async\" class=\"skip-lazy bwg_standart_thumb_img_0 \"                   data-id=\"18726\"                   data-width=\"300.00\"                   data-height=\"300.00\"                   data-src=\"https:\/\/balmardi.ch\/wp-content\/uploads\/photo-gallery\/thumb\/20240313_151655.jpg?bwg=1710422689\"                   src=\"https:\/\/balmardi.ch\/wp-content\/uploads\/photo-gallery\/thumb\/20240313_151655.jpg?bwg=1710422689\"                   alt=\"au fond \u00e0 gauche le Sch\u00f6nberg et \u00e0 droite Guin.\"                   title=\"au fond \u00e0 gauche le Sch\u00f6nberg et \u00e0 droite Guin.\" \/>            <\/div>            <div class=\"\">              <div class=\"bwg-title1\"><div class=\"bwg-title2\">au fond \u00e0 gauche le Sch\u00f6nberg et \u00e0 droite Guin.<\/div><\/div>                                        <\/div>          <\/div>        <\/div>                        <\/a>              <\/div>            <div class=\"bwg-item\">        <a class=\"bwg-a  bwg_lightbox\"  data-image-id=\"18727\" href=\"https:\/\/balmardi.ch\/wp-content\/uploads\/photo-gallery\/20240313_154148.jpg?bwg=1710422689\" data-elementor-open-lightbox=\"no\">                <div class=\"bwg-item0 \">          <div class=\"bwg-item1 \">            <div class=\"bwg-item2\">              <img decoding=\"async\" class=\"skip-lazy bwg_standart_thumb_img_0 \"                   data-id=\"18727\"                   data-width=\"300.00\"                   data-height=\"300.00\"                   data-src=\"https:\/\/balmardi.ch\/wp-content\/uploads\/photo-gallery\/thumb\/20240313_154148.jpg?bwg=1710422689\"                   src=\"https:\/\/balmardi.ch\/wp-content\/uploads\/photo-gallery\/thumb\/20240313_154148.jpg?bwg=1710422689\"                   alt=\"Le Bois du Foss\u00e9 dans la for\u00eat de Belfaux.\"                   title=\"Le Bois du Foss\u00e9 dans la for\u00eat de Belfaux.\" \/>            <\/div>            <div class=\"\">              <div class=\"bwg-title1\"><div class=\"bwg-title2\">Le Bois du Foss\u00e9 dans la for\u00eat de Belfaux.<\/div><\/div>                                        <\/div>          <\/div>        <\/div>                        <\/a>              <\/div>            <div class=\"bwg-item\">        <a class=\"bwg-a  bwg_lightbox\"  data-image-id=\"18729\" href=\"https:\/\/balmardi.ch\/wp-content\/uploads\/photo-gallery\/20240313_155512.jpg?bwg=1710422689\" data-elementor-open-lightbox=\"no\">                <div class=\"bwg-item0 \">          <div class=\"bwg-item1 \">            <div class=\"bwg-item2\">              <img decoding=\"async\" class=\"skip-lazy bwg_standart_thumb_img_0 \"                   data-id=\"18729\"                   data-width=\"300.00\"                   data-height=\"300.00\"                   data-src=\"https:\/\/balmardi.ch\/wp-content\/uploads\/photo-gallery\/thumb\/20240313_155512.jpg?bwg=1710422689\"                   src=\"https:\/\/balmardi.ch\/wp-content\/uploads\/photo-gallery\/thumb\/20240313_155512.jpg?bwg=1710422689\"                   alt=\"Et voici les copines \"                   title=\"Et voici les copines \" \/>            <\/div>            <div class=\"\">              <div class=\"bwg-title1\"><div class=\"bwg-title2\">Et voici les copines <\/div><\/div>                                        <\/div>          <\/div>        <\/div>                        <\/a>              <\/div>            <div class=\"bwg-item\">        <a class=\"bwg-a  bwg_lightbox\"  data-image-id=\"18728\" href=\"https:\/\/balmardi.ch\/wp-content\/uploads\/photo-gallery\/20240313_155520.jpg?bwg=1710422689\" data-elementor-open-lightbox=\"no\">                <div class=\"bwg-item0 \">          <div class=\"bwg-item1 \">            <div class=\"bwg-item2\">              <img decoding=\"async\" class=\"skip-lazy bwg_standart_thumb_img_0 \"                   data-id=\"18728\"                   data-width=\"300.00\"                   data-height=\"300.00\"                   data-src=\"https:\/\/balmardi.ch\/wp-content\/uploads\/photo-gallery\/thumb\/20240313_155520.jpg?bwg=1710422689\"                   src=\"https:\/\/balmardi.ch\/wp-content\/uploads\/photo-gallery\/thumb\/20240313_155520.jpg?bwg=1710422689\"                   alt=\"\u00e0 la ferme de la Rosi\u00e8re.\"                   title=\"\u00e0 la ferme de la Rosi\u00e8re.\" \/>            <\/div>            <div class=\"\">              <div class=\"bwg-title1\"><div class=\"bwg-title2\">\u00e0 la ferme de la Rosi\u00e8re.<\/div><\/div>                                        <\/div>          <\/div>        <\/div>                        <\/a>              <\/div>          <\/div>    <style>      \/*pagination styles*\/      #bwg_container1_0 #bwg_container2_0 .tablenav-pages_0 {\t\t\t\ttext-align: center;\t\t\t\tfont-size: 12px;\t\t\t\tfont-family: segoe ui;\t\t\t\tfont-weight: bold;\t\t\t\tcolor: #666666;\t\t\t\tmargin: 6px 0 4px;\t\t\t\tdisplay: block;      }      @media only screen and (max-width : 320px) {      #bwg_container1_0 #bwg_container2_0 .displaying-num_0 {     \t display: none;      }      }      #bwg_container1_0 #bwg_container2_0 .displaying-num_0 {\t\t\t\tfont-size: 12px;\t\t\t\tfont-family: segoe ui;\t\t\t\tfont-weight: bold;\t\t\t\tcolor: #666666;\t\t\t\tmargin-right: 10px;\t\t\t\tvertical-align: middle;      }      #bwg_container1_0 #bwg_container2_0 .paging-input_0 {\t\t\t\tfont-size: 12px;\t\t\t\tfont-family: segoe ui;\t\t\t\tfont-weight: bold;\t\t\t\tcolor: #666666;\t\t\t\tvertical-align: middle;      }      #bwg_container1_0 #bwg_container2_0 .tablenav-pages_0 a.disabled,      #bwg_container1_0 #bwg_container2_0 .tablenav-pages_0 a.disabled:hover,      #bwg_container1_0 #bwg_container2_0 .tablenav-pages_0 a.disabled:focus,\t\t\t#bwg_container1_0 #bwg_container2_0 .tablenav-pages_0 input.bwg_current_page {\t\t\t\tcursor: default;\t\t\t\tcolor: rgba(102, 102, 102, 0.5);      }      #bwg_container1_0 #bwg_container2_0 .tablenav-pages_0 a,      #bwg_container1_0 #bwg_container2_0 .tablenav-pages_0 input.bwg_current_page {\t\t\t\tcursor: pointer;\t\t\t\ttext-align: center;\t\t\t\tfont-size: 12px;\t\t\t\tfont-family: segoe ui;\t\t\t\tfont-weight: bold;\t\t\t\tcolor: #666666;\t\t\t\ttext-decoration: none;\t\t\t\tpadding: 3px 6px;\t\t\t\tmargin: 0;\t\t\t\tborder-radius: 0;\t\t\t\tborder-style: solid;\t\t\t\tborder-width: 1px;\t\t\t\tborder-color: #E3E3E3;\t\t\t\t\t\t\t\tbackground-color: rgba(255, 255, 255, 1.00);\t\t\t\tbox-shadow: 0;\t\t\t\ttransition: all 0.3s ease 0s;-webkit-transition: all 0.3s ease 0s;      }      <\/style>      <span class=\"bwg_nav_cont_0\">              <div class=\"tablenav-pages_0\">                  <\/div>                <input type=\"hidden\" id=\"page_number_0\" name=\"page_number_0\" value=\"1\" \/>      <script type=\"text\/javascript\">        if( jQuery('.bwg_nav_cont_0').length > 1 ) {          jQuery('.bwg_nav_cont_0').first().remove()        }        function spider_page_0(cur, x, y, load_more) {          if (typeof load_more == \"undefined\") {            var load_more = false;          }          if (jQuery(cur).hasClass('disabled')) {            return false;          }          var items_county_0 = 1;          switch (y) {            case 1:              if (x >= items_county_0) {                document.getElementById('page_number_0').value = items_county_0;              }              else {                document.getElementById('page_number_0').value = x + 1;              }              break;            case 2:              document.getElementById('page_number_0').value = items_county_0;              break;            case -1:              if (x == 1) {                document.getElementById('page_number_0').value = 1;              }              else {                document.getElementById('page_number_0').value = x - 1;              }              break;            case -2:              document.getElementById('page_number_0').value = 1;              break;\t\t\t\t\t\tcase 0:              document.getElementById('page_number_0').value = x;              break;            default:              document.getElementById('page_number_0').value = 1;          }          bwg_ajax('gal_front_form_0', '0', 'bwg_thumbnails_0', '0', '', 'gallery', 0, '', '', load_more, '', 1);        }                    jQuery('.first-page-0').on('click', function () {              spider_page_0(this, 1, -2, 'numeric');              return false;            });            jQuery('.prev-page-0').on('click', function () {              spider_page_0(this, 1, -1, 'numeric');              return false;            });            jQuery('.next-page-0').on('click', function () {              spider_page_0(this, 1, 1, 'numeric');              return false;            });            jQuery('.last-page-0').on('click', function () {              spider_page_0(this, 1, 2, 'numeric');              return false;            });        \t\t\t\t\/* Change page on input enter. *\/        function bwg_change_page_0( e, that ) {          if (  e.key == 'Enter' ) {            var to_page = parseInt(jQuery(that).val());            var pages_count = jQuery(that).parents(\".pagination-links\").data(\"pages-count\");            var current_url_param = jQuery(that).attr('data-url-info');            if (to_page > pages_count) {              to_page = 1;            }\t \t\t\t\t\t\t\t\t\t\t\t\tspider_page_0(this, to_page, 0, 'numeric');\t\t\t\t\t\t\treturn false;\t\t\t\t\t\t          }          return true;        }        jQuery('.bwg_load_btn_0').on('click', function () {            spider_page_0(this, 1, 1, true);            return false;        });      <\/script>      <\/span>                <\/div>        <\/form>        <style>          #bwg_container1_0 #bwg_container2_0 #spider_popup_overlay_0 {          background-color: #000000;          opacity: 0.70;          }          <\/style>        <div id=\"bwg_spider_popup_loading_0\" class=\"bwg_spider_popup_loading\"><\/div>        <div id=\"spider_popup_overlay_0\" class=\"spider_popup_overlay\" onclick=\"spider_destroypopup(1000)\"><\/div>        <input type=\"hidden\" id=\"bwg_random_seed_0\" value=\"1404607387\">                <\/div>    <\/div>    <script>      if (document.readyState === 'complete') {        if( typeof bwg_main_ready == 'function' ) {          if ( jQuery(\"#bwg_container1_0\").height() ) {            bwg_main_ready(jQuery(\"#bwg_container1_0\"));          }        }      } else {        document.addEventListener('DOMContentLoaded', function() {          if( typeof bwg_main_ready == 'function' ) {            if ( jQuery(\"#bwg_container1_0\").height() ) {             bwg_main_ready(jQuery(\"#bwg_container1_0\"));            }          }        });      }    <\/script>    \n\n\n\n<h3 style=\"text-align: center;\"><a href=\"https:\/\/map.schweizmobil.ch\/?lang=fr&amp;bgLayer=pk&amp;resolution=4.6&amp;E=2574876&amp;N=1183965&amp;photos=yes&amp;logo=yes&amp;season=summer&amp;detours=yes&amp;trackId=1613225876\" target=\"_blank\" rel=\"noopener\">Corminboeuf court<\/a><\/h3>\n<p style=\"text-align: center;\">Distance: 6840m D\u00e9nivellation: 101m Dur\u00e9e: 1h40<br \/><strong>Photos du 13 mars 2024:<\/strong> Voir ci-dessus.<\/p>\n","protected":false},"excerpt":{"rendered":"<p>Corminboeuf Belfaux Givisiez Distance: 16500m D\u00e9nivellation: 425m Dur\u00e9e: 4h16Photos du 13 mars 2024: Corminboeuf court Distance: 6840m D\u00e9nivellation: 101m Dur\u00e9e: 1h40Photos du 13 mars 2024: Voir ci-dessus.<\/p>\n","protected":false},"author":1,"featured_media":0,"parent":0,"menu_order":0,"comment_status":"closed","ping_status":"closed","template":"","meta":{"two_page_speed":[],"footnotes":""},"class_list":["post-10394","page","type-page","status-publish","hentry"],"_links":{"self":[{"href":"https:\/\/balmardi.ch\/index.php\/wp-json\/wp\/v2\/pages\/10394","targetHints":{"allow":["GET"]}}],"collection":[{"href":"https:\/\/balmardi.ch\/index.php\/wp-json\/wp\/v2\/pages"}],"about":[{"href":"https:\/\/balmardi.ch\/index.php\/wp-json\/wp\/v2\/types\/page"}],"author":[{"embeddable":true,"href":"https:\/\/balmardi.ch\/index.php\/wp-json\/wp\/v2\/users\/1"}],"replies":[{"embeddable":true,"href":"https:\/\/balmardi.ch\/index.php\/wp-json\/wp\/v2\/comments?post=10394"}],"version-history":[{"count":6,"href":"https:\/\/balmardi.ch\/index.php\/wp-json\/wp\/v2\/pages\/10394\/revisions"}],"predecessor-version":[{"id":10405,"href":"https:\/\/balmardi.ch\/index.php\/wp-json\/wp\/v2\/pages\/10394\/revisions\/10405"}],"wp:attachment":[{"href":"https:\/\/balmardi.ch\/index.php\/wp-json\/wp\/v2\/media?parent=10394"}],"curies":[{"name":"wp","href":"https:\/\/api.w.org\/{rel}","templated":true}]}}